 be n(u). Suppose 10*h = c + 1154. What is the tens digit of h?
6
Let o(x) = x**3 + 36*x**2 + 56 + 50*x + 54 - 107. What is the hundreds digit of o(-34)?
6
Let s(y) = -y**3 - 5*y**2 - 7*y - 5. Let z be s(-4). Let k be (0 + -7)*(-186)/z. Suppose -5*r + k = -3*r. What is the units digit of r?
3
Let o = -99 - -101. Suppose 2*i - 756 = 5*s, o*i = -s + 3*s + 756. What is the tens digit of i?
7
Let i be 10/(6 - 11) - -17. Suppose -28*x + 6188 = -i*x. What is the hundreds digit of x?
4
Let c be 5/(-2 + 7)*-25. Let o = 34 + c. Suppose -z = -53 - o. What is the tens digit of z?
6
Suppose -10 = 5*a, -2*t + 0*a - 12 = 2*a. Let l be (10 + -160)/(6/t). Suppose 4*s + 408 = 4*y, 2*s = -y + 2*y - l. What is the tens digit of y?
0
Suppose 41 = -3*i - 4*n + 113, 0 = -3*i - 3*n + 75. Let o be 0*(0 - (-1)/(-2)). Suppose o = v - i - 132. What is the hundreds digit of v?
1
Let j(r) = -r - 1. Let s(t) = 15*t - 9. Let g(l) = -4*j(l) + s(l). Let q = 252 - 247. What is the tens digit of g(q)?
9
Let i(q) = 44*q**2 - 16*q + 15. Let s be i(6). Let g = s - 786. What is the units digit of g?
7
Let m(c) = c**2 - 12*c - 1. Let b be m(12). Let h be (4 - (-3 - -2)*b) + 445. Suppose -43*x + 39*x + h = 0. What is the hundreds digit of x?
1
Suppose 4*w - 9 = 3*w - 3*y, 3 = 5*w + y. Suppose w = -k - 2*h + 62, 23*k + 268 = 28*k - 4*h. What is the units digit of k?
6
Suppose -10*r - 2*y = -7*r - 18, y = 2*r - 5. Suppose -a - 3*t - 76 = -1803, -2*a - r*t = -3450. What is the units digit of a?
1
Suppose c = -3*c + 988. Suppose 618 = -4*v + 2*s, 2*v = -3*s - s - 304. Let t = c + v. What is the tens digit of t?
9
Suppose -3*h + 0*w = 4*w + 3958, w = -h - 1318. Let m = 2418 + h. What is the hundreds digit of m?
1
Let z(d) = 38*d**2 - 125*d**2 + 18 + 25*d + 31*d**2 + 30*d**2 + 29*d**2. Let n be 117/(-12) - 1/4. What is the tens digit of z(n)?
6
Suppose -3*g - 22 = 2*f, 23 = -4*g + 3*f + 22. What is the units digit of g/(16/12)*2172/(-18)?
2
Let t = 212 + -226. Let j(n) = 2*n**2 + 15*n - 2. What is the units digit of j(t)?
0
Let c(y) = y**3 + 20*y**2 - 271*y - 22. What is the hundreds digit of c(-22)?
9
Let y be (2156/(-35) - 2)*-5. Let s = y - 195. What is the tens digit of s?
2
Let r(g) = -70*g - 209. Let b be r(-3). Let h(l) be the third derivative of 107*l**4/12 + l**3/2 - 4*l**2. What is the hundreds digit of h(b)?
2
Suppose -5*b + 16820 = -16*h + 21*h, 3*h = -4*b + 10097. What is the hundreds digit of h?
3
Let p = -1359 - -17943. What is the tens digit of p?
8
Let h(l) = 4*l**2 + 25*l + 36. Let p be h(16). Suppose -33*g + 34*g = p. What is the hundreds digit of g?
4
What is the tens digit of -4236*(180/(-27) + (-12)/(-2))?
2
Let l = 10230 - 3834. Suppose -2*s = -15*s + l. What is the units digit of s?
2
Let f = -84 + 88. Let y(w) = 90*w - 25. What is the hundreds digit of y(f)?
3
Let c(q) = -2*q**3 + 197*q**2 - 8*q + 119. What is the hundreds digit of c(98)?
9
Let j(n) = -18*n**3 - 2*n**2 - 3*n - 2. Let h be j(-2). What is the tens digit of h + (5 - 1) + 6?
5
Let n(f) = f**2 - 28*f - 328. Let t be n(37). Suppose 4*w = 2*j - 100, 6*j + 91 = 8*j + t*w. What is the units digit of j?
8
Let x = 1602 - -12988. What is the hundreds digit of x?
5
Let o be 2/(8/15)*8/6. Suppose -5*d = 3*r - 1970, -10*d = -o*r - 6*d + 3308. What is the units digit of r?
0
Let l = -8656 - -15685. What is the tens digit of l?
2
Let v be 14/(-21)*(-60)/2 + -5. What is the units digit of 5/v - 7/(63/(-4335))?
2
Suppose -5*j - 5*v = -55, 3*j + 2*v - 6*v - 5 = 0. Let y(f) = f**2 - 10*f + 11. Let p be y(j). What is the units digit of -1*(-12)/p*(-370)/4?
1
What is the hundreds digit of -5 - (-3)/(6/11045) - 3/6?
5
What is the units digit of (-193)/772 - 3786/(-8)?
3
What is the hundreds digit of ((-153645)/(-10))/((-737)/(-88) + -8)?
9
Let b be 13554/(-36)*8/(-3). Suppose -y = -115 - b. What is the hundreds digit of y?
1
Let y(b) = b**2 - 25*b - 26. Let t be y(27). What is the hundreds digit of (-11 - 2)/(t/(-1400))?
6
Let d(g) = 22*g**2 - 11*g + 441. What is the ten thousands digit of d(-24)?
1
Suppose -213 = 4*b - 149. Suppose -5*i + 2*q = 76, 3*i + 0*q + 44 = 2*q. What is the units digit of (-2)/i + (-446)/b?
8
Let a = 16784 - 8899. What is the thousands digit of a?
7
Suppose -5*n = 5*u + 270, 2*n - 16*u + 17*u + 106 = 0. Let k be (-1 - 1) + 5*25. Let r = n + k. What is the tens digit of r?
7
Let w = 72 + 166. Let p = w - -389. What is the units digit of p?
7
Suppose 2*i + 4*i - 72 = 0. Suppose 7 - 55 = -i*j. Let a(w) = w**2 - 2*w + 2. What is the tens digit of a(j)?
1
Let s(x) = x**3 - 2*x**2 - 2*x + 82. Let l be s(0). Let a = 87 - l. Suppose 2*u - f = 40, a*u - 118 = -4*f + 8. What is the tens digit of u?
2
Suppose -16*j = -8*j - 17208. Suppose 711 - j = -8*p. Suppose -5*w = x - p, -w + 8 = w. What is the hundreds digit of x?
1
Let k(q) = 242*q - 216. Let w be k(21). Suppose 0 = -9*z + 1272 + w. What is the tens digit of z?
8
Suppose 44*f + 60156 - 150532 = 0. What is the tens digit of f?
5
Let g(w) = 526*w - 2262. What is the ten thousands digit of g(66)?
3
Let l(b) = 29*b - 111. Let y be l(20). Suppose -11*w + y = -114. What is the tens digit of w?
5
Let i(j) = -35623*j**3 + 105*j**2 + 103*j - 2. What is the ten thousands digit of i(-1)?
3
Suppose -4*s + 44922 = 2*d, -3*s + 10*d + 33693 = 12*d. What is the thousands digit of s?
1
Suppose 2 = -467*o + 468*o, -4*x = -5*o - 36006. What is the thousands digit of x?
9
Suppose -132*j + 5*a = -131*j - 1519, -5*j + 7565 = 5*a. What is the units digit of j?
4
What is the units digit of (-8)/(-1) + (-13 - -6304) + 12?
1
Suppose -5*x - 4*r = -83, 5*r = 2*x - 0*x - 20. Let s be (x/(-12))/((-1)/4). Suppose s*t = 4*n - 177, -n - 3*t + 53 = -6*t. What is the units digit of n?
8
Suppose 0 = -2*m - 2*p + 6*p - 298, 2*m - 3*p + 298 = 0. Let x = -1494 - -1745. Let k = x + m. What is the tens digit of k?
0
Suppose h = 2*w - 1414, w - 4*w + h = -2123. Let x be 20/(-15) + (-88)/(-12). Suppose -x*y + w = 37. What is the tens digit of y?
1
Suppose 4*p = -s - 20, p + 0 + 3 = 0. What is the units digit of (-2 - (-3060)/s)*-2?
9
Let l(w) = 8*w**2 + 27*w + w**2 - 77 + 29 - 76. What is the hundreds digit of l(4)?
1
Let q = 2496 + 3353. What is the thousands digit of q?
5
Let i be 16265/15 + 6/(-18). What is the units digit of (i/10)/(-5*(-4)/50)?
1
Let y be 2*4*(-2)/(-4). What is the hundreds digit of (1 - y)/9 - (-2311)/3?
7
What is the hundreds digit of (41/(2952/(-32778)))/(2/(-120))?
3
Let a(v) = 2*v**2 - 3*v - 8. Let r be a(4). Suppose -18*w + r*w + 2328 = 0. What is the tens digit of w?
8
Suppose 3*v - 22567 = 23*t - 21*t, 0 = -t + 4. What is the thousands digit of v?
7
Let s(f) = 639*f - 1908. What is the hundreds digit of s(13)?
3
Suppose 2*x - 4 = -2*s + 10, -4*x = s - 43. Suppose 0 = 4*g - x*g + 40. Suppose 4*v - k = 221, -2*k + 168 = 3*v - g*k. What is the units digit of v?
5
Suppose 2*j - 3 = -q, 0 = -2*j - 4*q + 23 - 11. Suppose j = 8*t + 2398 - 6390. What is the hundreds digit of t?
4
Suppose -271392 = -5*k - 4*z, k - 30*z - 54312 = -26*z. What is the tens digit of k?
8
Suppose -3*p = -5*x + 1075, -4*x + 833 = -0*p + 3*p. Let a = x - 98. Let o = -67 + a. What is the units digit of o?
7
What is the hundreds digit of 510072/18*135/60?
7
Let f(c) = 21*c - 6. Let v be f(6). Let l = v - 48. What is the units digit of (-18)/l - 81/(-4)?
0
Suppose -5*d = 332 - 297, -3*z + d + 47599 = 0. What is the hundreds digit of z?
8
Let k = -255 - -544. Let n = -107 + k. What is the tens digit of n?
8
Let v be 6 + ((-120)/16)/(3/1002). Let n = -1655 - v. What is the tens digit of n?
4
Let w = 9 - 5. Suppose -2*h - 9*g + 12*g + 253 = 0, -w*g - 129 = -h. What is the hundreds digit of h?
1
Suppose -49 = -2*f - x + 25, 85 = 3*f - 5*x. Suppose f = 5*u - 130. What is the tens digit of u?
3
Let y be (-1)/(5/(-15)) - -8. Suppose 6*h + 32 = n + y*h, 4*h = 16. What is the units digit of n?
2
Suppose -2*o + 8903 + 16261 = 3*j, o = -4*j + 12592. What is the ten thousands digit of o?
1
What is the tens digit of 2/4 - (-4005144)/336 - (-12)/(-21)?
2
Let g(v) = -30*v + 5. Let o be g(-6). Suppose -4*x = 8, 3*k - 2*k = 5*x + 12. Suppose -3*c = -4*f - o, 2*c - k*f + 1 - 123 = 0. What is the units digit of c?
9
Let c = 906 - -3211. What is the hundreds digit of c?
1
Suppose 3*s - 11270 = -2*r, -r + 5*r - 150